e
Is (-5352)/84*28/(-8) prime?
True
Let i be (-141)/(-4) + 4/(-16). Suppose 4*c = 3*z + i, -z + 15 = 2*c - 2*z. Suppose -135 = -2*x + 5*t, -4*x - t - c = -220. Is x a composite number?
True
Suppose y + 10 = 7. Let v = y + 3. Let i(d) = d + 537. Is i(v) prime?
False
Is (-9 + 4 - 2) + 10040 a composite number?
True
Let n(r) = r**3 + 22*r**2 + 16*r + 62. Is n(-20) prime?
False
Suppose 12*j = 14*j - 66. Let m be (-6)/33 + (-60)/j. Is m + 1*12*9 composite?
True
Let l(u) = 127*u - 36. Suppose 0*v - 5*x = -4*v + 3, 0 = -5*v - 5*x + 60. Is l(v) composite?
False
Let x(s) = 5*s - 7. Let o be x(3). Suppose 500 = o*a - 572. Is a a composite number?
True
Suppose -4 = g + 4. Let a = g - -10. Suppose 19 = d - 4*c, -3*d + a*c + 113 = 2*d. Is d prime?
True
Is 15964 + (8/(-8))/(7/35) a prime number?
True
Let q(k) = 6*k**2 - 10*k + 9. Let o be q(-10). Let t = o + -122. Is t a composite number?
False
Let a(z) be the second derivative of 2*z**4/3 + 11*z**2/2 - 8*z. Is a(-5) a composite number?
False
Let t(k) = -97*k - 28. Let p be t(-16). Suppose -p = -60*y + 56*y. Is y a composite number?
True
Let j = 350 + 35189. Is j a composite number?
True
Let l = 60 - 21. Let d = 78 - l. Is d composite?
True
Let k = -12 + 17. Let c(o) = -o**3 + 4*o**2 + 4*o + 3. Let u be c(k). Is (u/6)/(5/(-2235)) a prime number?
True
Let t be (-5384)/72 - 4/18. Let r be 20*t/(-12)*-2. Let p = r - -381. Is p prime?
True
Suppose -2*w = -3*j + 14, -4*w = -2*j - 3*j + 26. Let z(a) = 9*a**j + 7*a**2 - 6 - 9*a - 2*a**2 + a**3 - 5*a**2. Is z(-7) a composite number?
True
Suppose 0*n - 2*n + 4*x + 16730 = 0, -3*x = -2*n + 16729. Is n a prime number?
True
Let f(b) = -90*b - 43. Is f(-5) a prime number?
False
Let f(l) = -92*l + 9. Suppose -2*m - s = -19, 3*m + s - 3 = 25. Suppose 2*a = -m - 1. Is f(a) prime?
False
Let j(o) = -45*o - 8. Let w(m) = -m - 1. Let k(v) = j(v) + 3*w(v). Is k(-2) a composite number?
True
Is (-172114)/(-30) + 9 + 1096/(-120) prime?
True
Let b be 8*(-5)/50*-5. Suppose -y = -2, -b*m - y = -4*y - 10. Is (0 + 214)/(m/14) prime?
False
Suppose -v = v + 18. Let t = v + 13. Suppose -k = -5, 5*x - 4*k + t = -1. Is x a prime number?
True
Let y(r) = r**2 + r - 2. Let x be y(4). Suppose -5*m + x = -2. Suppose 2092 = -4*c + 3*k + 5906, -2*c = m*k - 1918. Is c a composite number?
True
Suppose -4*o - 131627 = -5*n, -4*n - 78971 = -7*n + 5*o. Is n composite?
True
Suppose 0*d = -0*d - d. Suppose i - 1 = 0, -2*c = c - 5*i - 100. Suppose d = 3*l - 22 - c. Is l prime?
True
Let z = -961 - -1427. Suppose 6*c = 392 + z. Is c prime?
False
Let v(f) = -785*f - 11. Let l(u) = -2354*u - 31. Let j(h) = -3*l(h) + 8*v(h). Is j(1) composite?
False
Let s = 403 - -1802. Let n = 4066 - s. Is n prime?
True
Let s = -35579 - -63528. Is s a prime number?
False
Let o = -294 - -27. Let d = -10 - o. Is d prime?
True
Let o(p) = -6772*p + 250. Is o(-4) prime?
False
Let a be (-5 - 11841/6)/(3/(-8)). Suppose l - 2*g - 784 = 535, -5*g = -4*l + a. Is l a composite number?
False
Let z = -504 - -1313. Is z a composite number?
False
Let y = 11716 - 4143. Is y a composite number?
False
Let f(y) = -y**3 + 2*y**2 + 6*y. Let b be f(7). Let r = b - -145. Let k = r + 89. Is k prime?
True
Suppose 12 = 2*f - 3*p - 13, -3*f + 10 = p. Suppose 0*l = -4*s + 5*l + 347, 5*s + f*l = 490. Is s composite?
True
Suppose -32*v + 26*v + 36 = 0. Suppose -36 = -0*x - 4*x - 3*k, -2*k = 0. Is ((-102)/x)/(v/(-27)) prime?
False
Suppose 2*p + 35 = p. Let v be (-7)/p - 5858/(-10). Suppose r - 179 = 4*y, -5*r + v + 309 = -2*y. Is r a composite number?
False
Let v(z) = -582*z - 23. Let j be v(-7). Let d = j - 2516. Is d prime?
False
Suppose 4*q + 0*q + 4*z + 852 = 0, -2*q = -5*z + 447. Let s = 911 + q. Is s a prime number?
False
Let q(l) = -l**2 + 29*l - 65. Is q(15) composite?
True
Suppose -3*m - 19 = -5*h - 153, -5*h + 4*m = 137. Let v = 146 + h. Is v prime?
False
Let b = 20 - 23. Let w be (10 - 9) + b/(-1). Suppose 0*i = -w*i + 948. Is i a composite number?
True
Let m(h) = 41*h**2 + 42*h - 18. Is m(-11) composite?
False
Let v(g) = -g**2 + 5*g + 9. Let j be v(7). Let o be (0 - j)*(4 + 0). Let p = o + 19. Is p prime?
False
Let w(i) = -6*i**3 + 8*i**2 + 8*i - 23. Is w(-8) composite?
True
Suppose -711 = 2*d - 2437. Is d a composite number?
False
Suppose 19*a - 16*a + 4*j = 979, -3*j - 1651 = -5*a. Is a composite?
True
Let j = 653 + -428. Suppose 2*l - 245 = -3*r, -3*r + l + j = -2*l. Is r a composite number?
False
Let p(z) be the third derivative of -z**6/120 + z**5/6 - 3*z**4/4 + z**3/6 - 32*z**2. Is p(6) composite?
False
Let f(v) = v**3 + v + 2. Let k be f(3). Let i = 1115 + -1099. Is (i/k)/(1/1982) a prime number?
True
Let r = -45 + 50. Suppose 8*a - 705 = r*a. Is a prime?
False
Let k = 378 - 829. Let d = k - -1509. Suppose -217 = -b + 2*c, -3*b = 2*b - c - d. Is b a prime number?
True
Let w = 1729 + 522. Is w composite?
False
Suppose -46*m + 142068 = -34*m. Is m composite?
False
Let z(p) = -14*p**3 - 19*p**2 + 46. Is z(-8) a composite number?
True
Let v(j) = 354*j**2 - 2*j - 3. Let m(c) = 118*c**2 - c - 1. Let l(g) = g**3 + g**2 + 3. Let r be l(0). Let t(i) = r*v(i) - 8*m(i). Is t(1) prime?
False
Let z be ((-6)/6)/(2/52). Let v = -25 - z. Let o(g) = 640*g**2 + g. Is o(v) a composite number?
False
Suppose -3*w = -5*a - 20, -3*w + a + a = -8. Suppose -6*y = -7*y. Is (-3356)/(-4 - w) - y composite?
False
Is 7*(-2)/(-42) + (-21116)/(-3) composite?
False
Suppose -17533 + 52063 = -6*h. Let z = h + 8114. Is z composite?
True
Let t = 498 - 263. Let q = -86 - -88. Suppose -7*j + t = -q*j. Is j a prime number?
True
Let w(c) = c**3 - 4*c**2 + 4*c - 1. Let p be w(3). Let d = 0 - -2. Suppose -5*l = -3*j - 118, 0*j = p*l + d*j - 60. Is l prime?
False
Suppose -10*g - 5*y = -11*g + 12171, 0 = g - 3*y - 12163. Is g composite?
True
Let u = -12 + 15. Suppose 5*v - 3*s - 883 = 2055, -s - 1762 = -u*v. Is v composite?
False
Suppose x - h - 10 = 2*h, 5*x - 4*h = 17. Let s = 3 - x. Suppose -s*m = 8*u - 3*u - 160, -u - 87 = -m. Is m prime?
False
Let c be (16 - 26)/(-2*1). Suppose d + 3*d = 3*q + 2223, -3734 = c*q + 3*d. Let j = q + 1044. Is j a composite number?
True
Suppose -2*x = 2*b - x - 296, 4*x + 8 = 0. Is b composite?
False
Suppose 37*p + 18626 = 104355. Is p composite?
True
Let m(x) = 6*x**2 - 8*x + 15. Suppose -11 - 20 = -4*l + 3*a, 4*l = 2*a + 30. Is m(l) a composite number?
True
Let d be 7/((-14)/(-4)) - -6. Suppose 5*c - 3*c - t = 1, 0 = 2*c - 4*t + d. Suppose 3*w + 276 = c*z - 2*w, -3*w + 6 = 0. Is z composite?
True
Suppose 0 = 7*b + 59 + 4. Let o(i) = 17*i - 14. Let z be o(b). Let j = 20 - z. Is j a composite number?
True
Suppose -9 = 6*c - 3*c, 0 = -j - 3*c - 18. Let b = 11 + j. Let p(g) = 8*g**2 - 4*g + 7. Is p(b) a composite number?
False
Let i(c) = -678*c**3 - 2*c**2 + 7*c - 5. Is i(-4) composite?
True
Let y = -1313 + 1986. Is y composite?
False
Let s(z) = 14*z**2 - 4*z - 4. Let l be s(-4). Let f = -125 + l. Is f composite?
True
Let v = 242 + 173. Is v a composite number?
True
Suppose -4*x + 5*x + 5*o - 24 = 0, -x + 2*o - 11 = 0. Let u be (x + 1 + 17)*1. Let d = 218 + u. Is d a prime number?
False
Suppose -76*b + 1166063 = -613629. Is b a prime number?
True
Suppose k + 3*w = -0*k - 24, 2*k + 40 = -2*w. Let a be ((-4)/(-2))/(4/k). Let d = 10 - a. Is d a composite number?
False
Let i(x) = 88*x**2 + 21*x + 16. Is i(-5) composite?
False
Let p(a) = 4*a + 12. Let x be p(-5). Let i = x - -11. Suppose 2*v + 1125 = i*z, -3*z + 4*v + 1243 - 124 = 0. Is z composite?
True
Let y(m) = 13*m**2 + 8*m - 7. Let j be 9 + -2 + (4 - 3). Is y(j) a composite number?
True
Let k be (10/(-30))/((-1)/3)*-3. Is -3261*(0 + 1/k) prime?
True
Let r = 387 + -260. Is r prime?
True
Suppose -16673 - 27417 = -2*p. Is p a composite number?
True
Is 15 - 11 - (-105)/(-2)*-26 a composite number?
True
Suppose -3*i + 8 = -1, -4*i = -3*r. Let f(z) = 360*z - 23. Is f(r) prime?
False
Let a(r) = 2*r**3 - 12*r**2 - 17*r + 58. Is a(13) a composite number?
False
Suppose z - 2*l - 33237 = 0, -l - l = -4*z + 132924. Let f be 2/(-12) - z/(-42). Suppose -s + f = 4*s - 2*a, -4*s + a = -631. Is s a prime number?
True
Suppose -3*w = s - 722, -9*w - 3600 = -5*s - 14*w. Is s prime?
True
Let w be (-4585)/5 + 1 + 1. Let u = w + 1334. Is u a composite number?
False
Let q(c) = -20*c - 35. Suppose -5*r = 20, 3*b + r - 